s 1041 a composite number?
True
Is 276277 composite?
False
Is 2503 a prime number?
True
Is 46481 a composite number?
True
Is 4943 composite?
False
Is 455453 prime?
False
Is 808877 a composite number?
True
Is 20323 a composite number?
False
Is 768667 a composite number?
True
Is 62801 a prime number?
True
Is 27041 composite?
True
Is 3433 prime?
True
Is 3889 composite?
False
Is 1979 composite?
False
Is 55133 a composite number?
True
Is 126121 prime?
False
Is 39749 a prime number?
True
Is 368389 composite?
True
Is 220067 a composite number?
True
Is 229541 prime?
False
Is 156577 composite?
False
Is 3967 composite?
False
Is 1259 a composite number?
False
Is 2367283 a composite number?
True
Is 139 prime?
True
Is 1693 a prime number?
True
Is 17377 composite?
False
Is 3131 a composite number?
True
Is 16613 a prime number?
False
Is 767909 a composite number?
False
Is 12703 a prime number?
True
Is 189503 prime?
False
Is 1369 a composite number?
True
Is 23137 a prime number?
False
Is 347707 a composite number?
False
Is 38159 prime?
False
Is 20337 composite?
True
Is 5261 prime?
True
Is 7369 prime?
True
Is 803 a composite number?
True
Is 30263 prime?
False
Is 194991 a composite number?
True
Is 10231 composite?
True
Is 3849 prime?
False
Is 53211 a composite number?
True
Is 28993 a prime number?
False
Is 44097 a composite number?
True
Is 6353 a prime number?
True
Is 23459 a composite number?
False
Is 1657 composite?
False
Is 62459 prime?
True
Is 6881 prime?
False
Is 15959 prime?
True
Is 1115 a prime number?
False
Is 150461 prime?
False
Is 1725259 a composite number?
False
Is 137831 composite?
False
Is 7307 prime?
True
Is 9611 a prime number?
False
Is 5567 a prime number?
False
Is 64273 a prime number?
False
Is 4547 a composite number?
False
Is 477509 a composite number?
True
Is 2543 a prime number?
True
Is 69097 prime?
False
Is 371881 a composite number?
True
Is 22189 a composite number?
False
Is 587 prime?
True
Is 4289 a composite number?
False
Is 70469 prime?
False
Is 672959 a prime number?
False
Is 38993 composite?
False
Is 53803 prime?
False
Is 446653 a prime number?
False
Is 16163 composite?
True
Is 887 composite?
False
Is 21059 a prime number?
True
Is 23459 a prime number?
True
Is 48943 a composite number?
True
Is 76223 a prime number?
False
Is 29411 prime?
True
Is 3821 a composite number?
False
Is 29599 composite?
False
Is 7057 a prime number?
True
Is 233 composite?
False
Is 149494 prime?
False
Is 15511 composite?
False
Is 8907 prime?
False
Is 215071 composite?
True
Is 48053 a composite number?
True
Is 494783 prime?
True
Is 31009 composite?
True
Is 4661 composite?
True
Is 5897 composite?
False
Is 1112161 a prime number?
False
Is 40897 prime?
True
Is 808937 a composite number?
False
Is 498659 a composite number?
True
Is 157721 a prime number?
True
Is 36187 prime?
True
Is 31793 a composite number?
False
Is 116593 a prime number?
True
Is 251387 a prime number?
True
Is 16153 prime?
False
Is 6297 a composite number?
True
Is 156797 a prime number?
True
Is 1544995 a prime number?
False
Is 83015 a composite number?
True
Is 206573 composite?
True
Is 15727 prime?
True
Is 37799 composite?
False
Is 283909 composite?
False
Is 92291 prime?
False
Is 340957 a prime number?
True
Is 350081 composite?
True
Is 1174011 prime?
False
Is 141227 composite?
True
Is 134993 a prime number?
False
Is 7318 a prime number?
False
Is 76634 a prime number?
False
Is 53807 composite?
True
Is 162007 composite?
False
Is 18613 a prime number?
False
Is 63949 composite?
False
Is 138469 a composite number?
False
Is 159491 prime?
True
Is 29813 a prime number?
False
Is 1317 a prime number?
False
Is 10895 a prime number?
False
Is 196747 prime?
False
Is 974687 a prime number?
False
Is 1058095 prime?
False
Is 897727 a prime number?
True
Is 651971 a composite number?
False
Is 28097 a composite number?
False
Is 2110733 a composite number?
True
Is 3163 composite?
False
Is 20993 a prime number?
False
Is 6823 prime?
True
Is 85571 composite?
False
Is 19157 a prime number?
True
Is 349471 a composite number?
False
Is 5333 composite?
False
Is 68033 a prime number?
False
Is 17707 a composite number?
False
Is 105899 a prime number?
True
Is 6007 composite?
False
Is 2813 composite?
True
Is 90469 composite?
False
Is 44729 a composite number?
False
Is 3457 a composite number?
False
Is 400753 a prime number?
True
Is 4421 prime?
True
Is 118907 a prime number?
True
Is 3635 a prime number?
False
Is 328163 prime?
False
Is 5987 prime?
True
Is 79531 a prime number?
True
Is 513813 prime?
False
Is 11114 a prime number?
False
Is 52099 composite?
True
Is 8497 a prime number?
False
Is 211157 a composite number?
True
Is 506139 a composite number?
True
Is 63913 prime?
True
Is 208093 a composite number?
True
Is 20555 composite?
True
Is 103471 composite?
False
Is 26366 prime?
False
Is 189797 a prime number?
True
Is 1594553 a prime number?
True
Is 143441 composite?
True
Is 540343 a prime number?
True
Is 23183 prime?
False
Is 198337 a prime number?
True
Is 289582 a prime number?
False
Is 22613 a prime number?
True
Is 4873 prime?
False
Is 196738 a composite number?
True
Is 4889 a composite number?
False
Is 247145 a composite number?
True
Is 508727 composite?
False
Is 29191 prime?
True
Is 2179 prime?
True
Is 1319 composite?
False
Is 462755 a composite number?
True
Is 2521 a composite number?
False
Is 331 a composite number?
False
Is 63373 composite?
True
Is 489127 a prime number?
True
Is 67261 prime?
True
Is 62369 composite?
True
Is 14849 prime?
False
Is 66103 a prime number?
True
Is 8329 a composite number?
False
Is 894587 a prime number?
False
Is 6983 composite?
False
Is 893 a composite number?
True
Is 337301 a composite number?
False
Is 1697335 a composite number?
True
Is 33457 composite?
False
Is 74614 a prime number?
False
Is 676859 prime?
True
Is 33107 composite?
False
Is 8222 prime?
False
Is 5873 prime?
False
Is 776099 prime?
True
Is 3127 prime?
False
Is 196849 a composite number?
True
Is 330653 composite?
False
Is 3259 prime?
True
Is 2053 composite?
False
Is 13789 a prime number?
True
Is 14197 a composite number?
False
Is 10531 a prime number?
True
Is 2453 prime?
False
Is 20281 a composite number?
True
Is 7291 prime?
False
Is 288731 composite?
False
Is 237547 a composite number?
False
Is 36026 composite?
True
Is 10039 a prime number?
True
Is 403567 prime?
True
Is 166115 a composite number?
True
Is 4381 prime?
False
Is 54311 composite?
False
Is 437083 a composite number?
False
Is 44839 composite?
False
Is 12641 prime?
True
Is 14585 a prime number?
False
Is 2051 a prime number?
False
Is 384187 prime?
True
Is 152463 composite?
True
Is 1250917 a prime number?
True
Is 6274 prime?
False
Is 66887 composite?
True
Is 914 a prime number?
False
Is 29035 composite?
True
Is 1271014 composite?
True
Is 3407 a composite number?
False
Is 33169 a prime number?
False
Is 578791 composite?
True
Is 41341 prime?
True
Is 176711 a composite number?
False
Is 13033 prime?
True
Is 665891 a prime number?
False
Is 542981 prime?
True
Is 123629 composite?
True
Is 212909 composite?
False
Is 5327 a prime number?
False
Is 97327 a composite number?
False
Is 1777 a prime number?
True
Is 358049 prime?
False
Is 3903187 a composite number?
False
Is 34339 a composite number?
True
Is 2743 a composite number?
True
Is 14585 prime?
False
Is 16922 prime?
False
Is 629 composite?
True
Is 556021 a prime number?
True
Is 31973 a composite number?
False
Is 124963 prime?
False
Is 7781 composite?
True
Is 1973 prime?
True
Is 14677 prime?
False
Is 298283 composite?
False
Is 18293 a composite number?
True
Is 17557 composite?
True
Is 157382 prime?
False
Is 1125299 prime?
False
Is 979 prime?
False
Is 766 a prime number?
False
Is 393985 prime?
False
Is 21631 a composite number?
True
Is 25417 composite?
True
Is 1637 prime?
True
Is 13403 a prime number?
False
Is 13211 a prime number?
False
Is 51449 prime?
True
Is 501803 composite?
False
Is 53033 a prime number?
False
Is 37441 composite?
False
Is 6017 prime?
False
Is 41399 a prime number?
True
Is 1387417 prime?
True
Is 354026 a prime number?
False
Is 29639 composite?
True
Is 11777 composite?
False
Is 36433 a composite number?
False
Is 1079 a composite number?
True
Is 14081 a prime number?
True
Is 45481 a composite number?
False
Is 6